7/(-2)). What is m(j)?
3
Let x(c) = c + 4. Let i(m) = m**3 + 10*m**2 + 11*m + 10. Let h be i(-9). What is x(h)?
-4
Let p(z) = 8*z**3 - 4*z**2 + 4 - 3*z - 2 - 7*z**3. Let a(g) = g**3 + 1. Let o(u) = -3*a(u) + p(u). Calculate o(-2).
5
Let g(x) = 8*x**2 + 3*x - 1. Let q(c) = -8*c**2 - 2*c + 1. Let u(i) = -2*g(i) - 3*q(i). What is u(1)?
7
Let n be 0 + (1 + -4)/3. Let y = 2 + n. Let g(x) = -2 + y - 4*x + 3 + 4*x**2 + x**3. Calculate g(-5).
-3
Let x(v) be the third derivative of -v**6/120 - 7*v**5/60 - v**4/4 - 3*v**2. What is x(-6)?
0
Let x(k) = -3*k + 7. Suppose 4*o + 38 = 3*c, 35 = -3*o + 2*c - 3*c. Let n(t) = 7*t - 13. Let z(j) = o*x(j) - 6*n(j). What is z(1)?
-8
Let c(d) be the second derivative of d**5/20 - d**4/12 - d**3/6 + 3*d**2 - d. Let x be 1*6*9/(-9). Let b = -6 - x. Give c(b).
6
Let x be (1 - -1)/(1 + 0). Suppose -x*n - 2 = -3*n. Let y(g) = -g**n - g + 2 + g. Determine y(-2).
-2
Let a(i) = 8*i**2 - 13*i. Let p(q) = 2 + 12*q + 65*q**2 - 1 - 72*q**2. Let x(b) = 6*a(b) + 7*p(b). Calculate x(7).
0
Let z be 2/3 - 55/15. Let v(w) = 4*w**3 + 3*w**2 - 6*w + 1. Let x(n) = -6*n**3 + 4*n**3 - 3*n**3 - 2 - 4*n**2 + 7*n. Let j(m) = 6*v(m) + 5*x(m). Determine j(z).
8
Let h(b) be the third derivative of b**4/12 + 5*b**3/6 - 10*b**2. Calculate h(-5).
-5
Let a(m) be the second derivative of -m**5/20 + m**4/6 + m**2 - 6*m. Give a(2).
2
Let f(u) = u**2 - u - 2. Let j be -1 - (-1)/(4/(-4)). Let y = j - -6. Calculate f(y).
10
Let b(v) = v + 5. Let m = -12 + 5. Give b(m).
-2
Suppose 2*g - 2 = 0, 0*w - 2*g = -w. Suppose w*m + 0 = -4. Let c(y) be the first derivative of y**4/2 + 4*y**3/3 + y**2 - y + 1. Give c(m).
-5
Let r(b) = 7*b**2 - 4*b + 3. Let y(w) = -8*w**2 + 4*w - 3. Suppose 2 = s - 3*v, 2*s - 2*v = v - 5. Let u(g) = s*r(g) - 6*y(g). Calculate u(4).
-3
Let b(n) = n**3 + 4*n**2 + 2*n - 2. Let x(g) = g**3 + 5*g**2 + g - 2. Let m(a) = 2*b(a) - 3*x(a). Calculate m(-7).
-5
Let q(a) = 3*a + 5*a**2 - a - 4 - 4*a**2 + 0*a**2. Give q(-4).
4
Let s(b) = -20*b**3 - 15*b**2 + 17*b + 29. Let j(h) = 7*h**3 + 5*h**2 - 6*h - 10. Suppose 5*x + 96 - 11 = 0. Let g(n) = x*j(n) - 6*s(n). Give g(-5).
-4
Let t(d) = 4*d + 1. Suppose x = 4*g - 5, -5*g + 3*g + 3*x + 5 = 0. Let q be 5/(-15)*3/g. What is t(q)?
-3
Let s(a) = 6*a**2 - 11*a - 1. Let k(j) = j**2 - j + 1. Let d(b) = 5*k(b) - s(b). Let n(z) = 6*z**2. Let f be n(1). What is d(f)?
6
Suppose -d - 3*j - 2 = -5*j, 5*j - 11 = 3*d. Let p(g) = g**3 + 13*g**2 + 13*g + 13. Give p(d).
1
Let n = 24 - 22. Let p(c) = -2*c**2 - c - c**3 - 3*c**n + 0*c**3 + 3*c**2. What is p(-1)?
0
Let r(j) = j + 1. Suppose 0 = -4*q + f + 12 + 1, -f = q - 2. Suppose -3*m - 9 = q. Calculate r(m).
-3
Let x(t) be the first derivative of -t**3/3 + 3*t**2/2 + 8*t + 7. Let n(w) = w**3 + 5*w**2 - 8*w - 6. Let s be n(-6). What is x(s)?
-10
Let u(m) = -3*m**3 + 18*m**2 + 14*m - 1. Let o(v) = -v**3 + 6*v**2 + 5*v. Let j(s) = 11*o(s) - 4*u(s). Calculate j(6).
-2
Let z(b) = 4*b**2. Let g(o) = -o + 5. Let m be g(6). What is z(m)?
4
Let v = -25 + 18. Let z(m) = 2*m - 5. Let b(u) = 4*u - 10. Let g(h) = v*z(h) + 3*b(h). Determine g(6).
-7
Let s(a) = a**2 - 3*a - 9. Let b(l) = -3*l - 1 - l - 7 + l**2 + l. Let x(r) = 6*b(r) - 5*s(r). Let c(w) be the first derivative of x(w). Determine c(-3).
-9
Let t(d) = -11*d**2 + 8*d + 16. Let w(u) = 5*u**2 - 4*u - 8. Let j(z) = 4*t(z) + 9*w(z). Determine j(6).
4
Suppose -9 = 3*t - 5*g - 1, 4*g + 14 = -t. Let m be 2/3 + t/9. Let v(y) = 3*y + 15. Let r(s) = -s - 5. Let n(b) = 8*r(b) + 3*v(b). Determine n(m).
5
Let x be 3 - ((-8)/(-4))/(-1). Let n(t) = -t + 5. Calculate n(x).
0
Let w = -65 + 59. Let s(d) = d - 1. Let g(i) = -i**2 - 9*i + 8. Let c(v) = -g(v) - 5*s(v). What is c(w)?
9
Let r(i) be the third derivative of i**6/120 - i**5/60 - i**4/24 - i**3/3 - 7*i**2. What is r(2)?
0
Let z(c) be the first derivative of -c**2/2 - 2*c + 8. Let w be 2/6 - 20/15. Let j be -6 - (-1)/(0 - w). Determine z(j).
3
Let q(i) = -4 - 2*i - 5*i - 2*i - 5*i**2 - i**3 + 4*i. Determine q(-3).
-7
Let c(q) = 4*q - 3. Suppose 0 = -t - 3*t + 20. Let k be 2 - (-7)/(35/15). Let u be t + (1 + 1 - k). Give c(u).
5
Let x(d) = -d**3 - 11*d**2 + d + 13. Let o be x(-11). Suppose 2*m = o + 4. Let f(q) = -2*q + 4*q + q. Give f(m).
9
Let w(c) be the second derivative of c**5/120 - c**4/12 - c**3/3 + 3*c. Let r(b) be the second derivative of w(b). What is r(0)?
-2
Let k = 7 - 4. Let q = -1 + k. Let t(j) be the first derivative of -3*j**2/2 - j - 2. Give t(q).
-7
Let q = 1 + 3. Let w(y) = 3*y + 10. Let i(g) = -7*g - 20. Let j(n) = q*i(n) + 9*w(n). Determine j(7).
3
Suppose 2*o + 0*o = -30. Let n = o - -11. Let h(c) = 0 - c + 2 - 1. What is h(n)?
5
Let p = 69 + -72. Let s(f) = -f - 7. Calculate s(p).
-4
Suppose -5*v + 3 = -2. Let o(g) = g - 3. Let d be o(4). Suppose 0 = -3*j + k + v, 6*j - 3*k = j - d. Let s(q) = -7*q**3 - q**2 + q. Give s(j).
-7
Let a(y) = y**2 - 4*y - 6. Let b(g) = g**3 - 8*g**2 + 7*g + 3. Let o be b(7). Suppose -w = -o*w + 10. Calculate a(w).
-1
Suppose -2*i - 11 + 45 = 0. Suppose -5*t - 2 = -4*s, -3*s + 2*t + i = 6*t. Let x(n) = n**3 - 4*n**2 + 2*n + 4. Determine x(s).
1
Let u(x) = -5*x + 6. Let p(a) = a - 1. Let r(y) = -6*p(y) - u(y). Give r(-3).
3
Let u be (30/(-25))/((-2)/5). Let i(m) = -m - m + 2*m - 4*m + m**3 - u - 4*m**2. Let o be i(5). Let j(y) = -y - 2. Determine j(o).
-4
Let q = 11 - 5. Let i(l) = q*l**3 + 2*l - 3*l**3 + 2*l**2 - 4*l**3 - 4*l**2. Give i(-3).
3
Let j(n) be the second derivative of 1/3*n**3 + 0 + n**2 + 1/12*n**4 - n. Determine j(-2).
2
Suppose -2*q + 27 = 3*t, 2*q = -5*t + 63 - 18. Let d(x) = 0*x - x + t*x - 4*x. What is d(2)?
8
Let r(z) = 2*z + 1. Suppose -5*i - 80 = -3*d, i + 4*d - 2 = d. Let p(q) = 4*q + 2. Let c(b) = i*r(b) + 6*p(b). Give c(3).
-7
Suppose -4*k = a - 3*a + 4, -4*k - 4 = -3*a. Let h(w) be the first derivative of -w**2/2 - w - 29. Calculate h(k).
0
Let x(b) = -312*b - b**2 - 1 + 156*b + 159*b. What is x(6)?
-19
Let s = 0 - -2. Suppose -s*k = -3*k - 4*y - 9, 2 = 4*k - 3*y. Let i(m) be the third derivative of -m**5/10 - m**4/24 - m**3/6 + 19*m**2. Determine i(k).
-6
Let g(z) be the first derivative of -z**3/3 - z**2 - 4*z - 3. Determine g(-3).
-7
Let a(j) be the third derivative of -j**5/60 + j**4/4 - 7*j**3/6 + 39*j**2. Give a(6).
-7
Let v(r) = r**3 + r**2 - r - 1. Let x(f) = -3*f**3 + 7*f**2 - 8*f + 13. Let z(g) = -2*v(g) - x(g). What is z(8)?
5
Let s(m) = -m - 5. Suppose -2*p = -3*p - 2. Let t be p*1 + 9/(-3). What is s(t)?
0
Let n(q) = q**2 + 2. Suppose 0 = 6*m - 10*m. Calculate n(m).
2
Let b(v) be the second derivative of -v**5/20 + v**3/2 + 3*v**2/2 + 10*v. Calculate b(-2).
5
Let v(n) = -5*n + 1 + 3*n + 0*n + 0*n. What is v(-2)?
5
Let m(z) = 3*z. Let w(f) = -f**2 + 13*f + 4. Let l be w(13). Give m(l).
12
Let j(c) = -c**2 + 3*c - 3. Let w = -98 + 138. Let u be 64/w + (-2)/(-5). Let d be -1*(-1 + -5 + u). What is j(d)?
-7
Let i(t) = 3*t**2 - 3*t**2 + 3*t**2 - 1 + t. Let r be i(1). Let n(a) be the second derivative of -a**4/12 + a**3/6 + 3*a**2/2 - a. Determine n(r).
-3
Suppose 1 + 9 = 5*p. Let h(w) = -w**3 - 4*w**2 + 0*w - 4*w + p*w. What is h(-3)?
-3
Let z(s) = 2*s + 5. Let m be (4 - 45/12)*20. What is z(m)?
15
Let n be (20/24*3)/(1/(-2)). Let v(z) = -z**3 - 4*z**2 + 4*z + 2. Give v(n).
7
Let u = 48 - 45. Let f(c) be the second derivative of -c**2 - 3*c + 0 + 1/6*c**u. Give f(3).
1
Let i(j) be the second derivative of j**4/12 - j**3 - 3*j**2 - 14*j. Let s be (1/(-2))/((-2)/24). Calculate i(s).
-6
Suppose 0 = -x + 3*x - 16. Let a(y) = 2*y**2 - 6*y - y**3 + 0*y**3 - 1 - x*y**2. Let q be a(-5). Let n(d) = -d**2 + 6*d - 6. Calculate n(q).
2
Let n(w) = -4*w - 2. Let a(p) = -5*p - 3. Suppose 10 = -5*b - 4*y - 27, 5*b - 3*y = -16. Let i(g) = b*a(g) + 6*n(g). Calculate i(-4).
-1
Let v(g) = -g**2 + 1. Let r(n) = 5*n**2 + 9*n + 5. Let q(c) = r(c) + 4*v(c). Give q(-8).
1
Let h(p) be the second derivative of p**4/12 - 5*p**3/6 - 7*p**2/2 - 4*p. Determine h(7).
7
Let y(p) = p**2 - 39*p**3 + 2 + 40*p**3 + 5*p**2 - 9*p. What is y(-7)?
16
Let m be -5 + 2 + 2 + 1. Let l(d) = d**3 - 5*d**2 - 4*d + 9. Let z(y) = y**2 + y. Let t(f) = l(f) + 4*z(f). What is t(m)?
9
Suppose -4*u + 2*q + 6 = 0, -5*u - 1 - 9 = q. Let a(m) = 6*m**2 + 14. Let n(c) = -6*c**2 - 9. Let o(k) = -2*a(k) - 3*n(k). Give o(u).
5
Let d be (2 + -1)*(1 + 